*r(k). Calculate z(2).
-8
Let n(r) = 2*r**2 + 4*r - 26. Let v be n(-8). Let k be (4 + -3)*(v*1 - -1). Let d = k - 64. Let u(w) = -w**3 + 8*w**2 - 6*w - 4. Give u(d).
3
Let s(l) = 27*l - l**2 + 5*l**2 + 15 - l**3 - 6*l**2 + 15 - 8*l**2. Determine s(-12).
-6
Let m(l) = -7*l**2 + l**3 + 1470*l + 5 - 2997*l + 1518*l. What is m(8)?
-3
Suppose 0 = 21*p - 7*p + 392. Let v = 26 + p. Let i(w) = 5*w + 4. Determine i(v).
-6
Suppose 0 = 15*l + 87 - 312. Let q(i) = i + 22 + 4 - l. Determine q(-9).
2
Let n(k) = k + 19. Let m(t) = t**3 + 9*t**2 + 41*t + 96. Let h be m(-5). Give n(h).
10
Let t(j) = -j**3 - 9*j**2 - 16*j - 3. Let v(z) = -19*z + 12. Let c be v(1). Determine t(c).
11
Let g(p) be the second derivative of p**4/12 - 9*p**2/2 - 1505*p. What is g(4)?
7
Let h(y) be the first derivative of -5*y**2 + y + 1. Let v be ((-18)/(-4))/(4/8). Let d(a) = a**3 - 8*a**2 - 11*a + 17. Let x be d(v). Determine h(x).
11
Let m be ((-27)/72)/(3/10)*-12. Let y(v) = -v + 13 + 0*v + 0 + 0. Let c be y(m). Let j(w) = w**3 + w**2 - 4*w - 3. Give j(c).
1
Suppose 0 = o - 6*o + 10. Suppose -6 = o*s - 3*s. Let l(p) = -6*p**2 - 5400 - 9*p + 5406 + 7*p**2. What is l(s)?
-12
Let h(b) = -2 + 3 + 18439*b - 18441*b. Let q(f) = 0*f + 6 - 7 + f - 9. Let p be q(11). What is h(p)?
-1
Let i(j) = -28*j**3 - 10*j**2 - 33*j - 19. Let g(r) = -15*r**3 - 5*r**2 - 17*r - 11. Let x(l) = 15*g(l) - 8*i(l). What is x(6)?
5
Let x(u) = -48*u - 42*u + 15 + u**3 + 4*u**2 + 130*u - 59*u. Determine x(-7).
1
Let t(j) = -33*j - 168. Let h be t(-5). Let p(v) = 20*v + 55. Determine p(h).
-5
Let y(v) = v**2 + 6*v. Let b(n) = -2 + 0*n**3 + n**3 + 7 - 182*n + 173*n. Let l be b(3). Suppose -4*w = 27 + l. Determine y(w).
16
Let k(a) be the first derivative of a**4/4 - a**3 - a**2/2 + 4*a + 1. Let z = -42 + 82. Let f be (88/z + -4)*5/(-3). What is k(f)?
1
Let h(n) = 8*n**2 - 3*n + 2. Let m(g) = 67*g - 25. Let t be m(5). Let z = t + -308. Give h(z).
28
Let g(s) = s**2 - 10*s - 34. Let d be (-312)/(-102) - -8 - (-7)/(-119). Calculate g(d).
-23
Let p(s) = -s + 3 + 0 - s**2 + 0*s + 3. Let q(d) = -d**3 + 3*d**2 - 3*d - 3. Let x be q(2). What is p(x)?
-14
Let y(r) = r**3 + 15*r**2 - 16*r - 4. Let q(c) be the third derivative of -13*c**4/24 - 211*c**3/6 + 19*c**2 - 3*c. Let v be q(-15). Determine y(v).
-4
Let m = -959 + 962. Suppose -3*b = 3*q, m*b = 7 - 1. Let f(r) = 3 - r + 4*r - 3*r**2 + r. Calculate f(q).
-17
Let m(z) be the second derivative of 2*z + 1/2*z**2 + 1/6*z**3 + 1/20*z**5 - 5/12*z**4 + 11. Give m(4).
-11
Let t(a) = 6*a. Suppose 0 = -2*z + 2*h - 6, z - 10 - 7 = -3*h. Suppose -5*d = -0*m - m, z*d - 17 = -3*m. Give t(d).
6
Let m(r) = 8*r**2 - 94*r - 27. Let v be m(12). Let w(u) be the first derivative of -u**3 - u**2/2 + u - 97. Determine w(v).
-23
Let f(t) be the second derivative of 11*t**3/6 - 10*t**2 + 3367*t. What is f(3)?
13
Let g(c) = -52*c**2 + 2*c + 10. Let j(k) = -139*k**2 + 5*k + 29. Let l(x) = 8*g(x) - 3*j(x). Determine l(-3).
-1
Let p(y) = -y**3 + y**2 - y - 1. Suppose 0 = 1097*s - 1173*s. What is p(s)?
-1
Let q = -3 - 0. Suppose 15*v = 19*v. Let x(t) = -t**3 - 3*t**2 - 25 + 5*t + 27 + v*t**3. Calculate x(q).
-13
Let b(x) = -x**3 + 6*x**2 + x + 20. Let g be b(6). Let m(a) = 26*a**3 + 1 - 28*a - 10*a**3 + g*a. Let l be (2/(-4))/((-4)/8). Determine m(l).
15
Let p(i) = i - 8. Suppose -4*a = 2*g + 32, -4*g + 27 - 11 = 0. Let s = a - -29. Suppose 6*u - s = 11. Calculate p(u).
-3
Let k(c) be the third derivative of c**6/90 + c**5/30 - 26*c**3 + 84*c**2. Let a(i) be the first derivative of k(i). Calculate a(-3).
24
Let b(r) be the first derivative of -1033*r + 1049*r + r**2 + 0*r**2 - 85. What is b(-9)?
-2
Let l(h) = 6*h. Let u(x) = -7*x + 20. Let g(r) = -5*l(r) - u(r). Calculate g(-1).
3
Let w(p) be the second derivative of 0*p**2 - 7/6*p**3 + 1/20*p**5 - 5/12*p**4 + 2*p - 1. What is w(6)?
-6
Let j(c) = 5*c + c**2 - 21 + 0 + 18. Let f(t) = -2*t**3 + 3*t**2 - 3*t + 2. Let b be f(2). Let l be (6/(-12))/((-1)/b). Determine j(l).
-7
Let u(f) be the third derivative of f**5/60 - f**4/4 - 11*f**3/6 - 25331*f**2. Let l be 6 - ((-4)/2 - -1). Calculate u(l).
-4
Suppose -14622 + 14726 = 26*h. Let m(t) = t**2 - 2*t + 12. Determine m(h).
20
Let z(m) = -9*m - 20. Let v(j) = 24*j + 5. Let h(y) = 4*y + 1. Let x(g) = -5*h(g) + v(g). Let d(r) = 2*x(r) + z(r). Determine d(-16).
-4
Let m(f) = 2*f**3 - 18*f**2 + 19*f - 12. Let l(h) = h**2 + 17*h + 74. Let w be l(-6). Determine m(w).
12
Suppose 0*y + 9*y - 18 = 0. Let f(x) = 8*x**y - 6*x**3 + 7*x**3 - 6 - 13*x**2. Suppose 26*u + 185 = 63*u. Give f(u).
-6
Let i(a) = -9*a - 30. Suppose -39*t + 48*t = 0. Give i(t).
-30
Let z(j) = -j + 7. Let c be z(6). Suppose 18*h - h = 51. Let k(b) = -2*b**h + 37*b + 1 + 2*b**2 - 39*b - 2*b**3. What is k(c)?
-3
Suppose -31 = -4*u - 11*u - 16. Let v(l) = 4*l**3 - l**2 + 3*l - 2. Calculate v(u).
4
Let j(t) = t**2 - 4*t - 15. Let l be j(6). Let h(s) = -7*s - 18. Let x be h(l). Let w(b) be the third derivative of b**4/24 + b**3/6 + b**2. What is w(x)?
4
Let g be -6 + 2 - ((4 - 1) + 3). Let t(p) = 9*p + 56. Calculate t(g).
-34
Let l(b) = 3*b**2 + 2*b - 2. Let f be l(2). Suppose 6*t - f = -t. Let q(w) = -2 + 4 - t*w - 2 - 3. What is q(-7)?
11
Let p(z) = -2*z - 530 + 8*z**2 + 12*z - z**3 + 510. Give p(8).
60
Let m(o) be the third derivative of -5*o**4/24 + 7*o**2. Suppose 0 = -63*g - 34 + 97. Calculate m(g).
-5
Let u(g) = g**3 - 29*g**2 - 24*g - 187. Let q be u(30). Let k(a) = -7*a + 5*a**2 - 6*a**2 + 5 + 0. Determine k(q).
5
Let i(o) = -o - 6. Let r(l) = -1. Let n(g) = -i(g) + 4*r(g). Let j(f) = 262 - 9*f - 275 + 10*f**2 - f**3 + 2*f. Let b be j(9). Give n(b).
7
Let a(d) = -5*d. Let n(t) = -t. Let v(h) = -a(h) + 6*n(h). Suppose -10*b - 11 + 21 = 0. Let z(o) = -o**2 - 3*o + 3. Let u(g) = b*v(g) - z(g). Calculate u(-4).
5
Let i = 90 + -83. Let v(j) = j - 6 + i + 1. Give v(-3).
-1
Let u(y) = 1387*y - 675*y - 3*y**3 - 693*y + 50*y**2 - 32. What is u(17)?
2
Let l(n) = -222*n - 1777. Let o be l(-8). Let x(q) = -6*q**2 - 2*q + 2. Calculate x(o).
-2
Let p(i) be the third derivative of i**6/120 + 11*i**5/30 + 7*i**4/8 - i**3/6 - 87*i**2 - 24*i. Give p(-21).
-1
Let l be (-36)/4 - (-12 - -12)/(-6). Let g(r) = -r**3 - 7*r**2 + 19*r + 8. Give g(l).
-1
Let j(o) be the second derivative of 2*o**2 + 11/6*o**3 + 1 + 76*o. Give j(-3).
-29
Let v(a) = -11*a**2 + 97*a + 2. Let u(n) = 4*n**2 - 34*n - 1. Let y(s) = -14*u(s) - 5*v(s). Calculate y(-8).
12
Let k(u) = 2*u**2 - 2. Let s be k(-5). Suppose -8*i + 24 = -s. Let d(j) = -8*j**2 - 4*j - j**3 - j**3 - 5*j + 5 + 3*j**3. What is d(i)?
5
Let j(v) be the third derivative of -v**5/60 + 5*v**4/24 + 7*v**3/3 + 3*v**2 - 86*v. Let u be (-5)/2*2/(-1) + 2. What is j(u)?
0
Suppose t = -4*t + 210. Suppose 4*l = 54 + t. Suppose 0 = -9*x + 3*x - l. Let q(p) = p**2 + 4*p - 2. Calculate q(x).
-2
Suppose 5*t - 3*s = 120, -79 = -4*t - 13*s + 12*s. Let y(x) = -5*x + 102. Give y(t).
-3
Let r(f) be the second derivative of -f**3/6 - 23*f**2/2 - 26*f. Let y be -11 - (-2 - -3)/(2 - 3). Give r(y).
-13
Let u(i) = -3*i**2 + i - 4. Suppose -v + 21 = -5*n + 8*n, 0 = -v - 2*n + 18. Suppose -v*b + 28*b = 48. What is u(b)?
-28
Let d(c) be the second derivative of 4*c**3 - 8*c**2 - 757*c. Give d(1).
8
Let b(v) = -v - 39. Let h(q) = -6*q - 208. Let f(s) = -11*b(s) + 2*h(s). Let n = 7 - 3. Calculate f(n).
9
Let s be -13 - (0 + 4)*23/(-92). Let g(m) be the third derivative of -m**5/60 - 5*m**4/12 + 5*m**3 + 22*m**2 + 5*m. Determine g(s).
6
Let o(m) be the third derivative of -m**7/840 + 7*m**6/360 - m**5/30 + m**4/12 - 15*m**3/2 + 7*m**2 + 4*m. Let c(a) be the first derivative of o(a). Give c(5).
32
Suppose -67 = 8*a - 3. Let b(t) = t**2 - 6*t - 114. Determine b(a).
-2
Let h = -24826 + 24851. Let l(o) = 5*o - 112. Give l(h).
13
Let a(p) be the third derivative of -p**6/120 - p**5/20 + p**4/12 - p**3/3 + 559*p**2. Calculate a(-3).
-8
Let c be (-13)/(-4)*(-4 - 0). Let q = 10 + c. Let o(j) = -2*j + 6*j - 5*j - 4*j - 726 + 725. What is o(q)?
14
Let y(t) = -t**2 - 12. Let g(p) = 10*p**2 - 2*p + 68. Let d(z) = g(z) + 9*y(z). Calculate d(8).
8
Let p = -40 - -34. Let m(z) = 5*z**3 + 17*z**2 + 19*z - 13. Let q(s) = 4*s**3 + 16*s**2 + 16*s - 12. Let k(j) = p*q(j) + 5*m(j). Determine k(11).
-4
Let t(q) = q**2 + q + 1. Suppose 2*i = z - 31, 3*i = 5*i + 10. Le